7)/(-12) - 2). Let n = -189 - r. What is the highest common divisor of n and 168?
8
Suppose -10*h + 576 + 34 = 0. Suppose 71*b - h*b = 660. Calculate the greatest common factor of 12 and b.
6
Suppose -5067 = -10*k - 5*t - 1337, 4*k + 5*t - 1516 = 0. Calculate the highest common divisor of k and 6027.
123
Suppose -182*y + 3 = -181*y. Suppose -3*d - 5*x + 25 = d, -y*d = -2*x - 36. What is the highest common factor of d and 90?
10
Let b(d) = 4*d - 4. Let o be b(10). Let t = o - 15. Suppose j - 149 = 2*l, 0 = 2*j - 12*l + 9*l - 297. Calculate the highest common divisor of j and t.
21
Let y(d) = -83*d + 6309. Let g be y(76). What is the highest common factor of g and 2937?
1
Let f(l) = 2*l**3 - 22*l**2 + 58*l - 5. Let q be f(3). What is the highest common factor of q and 2525?
25
Suppose 0 = -118*m + 116*m + 854. Let w = m - 94. What is the highest common factor of 37 and w?
37
Suppose -2*n + 131 = -15. Let o be (n - 2)*1 - -1. Suppose -111*f = -115*f - 22*t - 302, 69 = f - 3*t. Calculate the greatest common divisor of f and o.
18
Let k = 4587 - 4584. Let d(s) = s + 1. Let h be 1/(3 + -2)*2. Let m be d(h). Calculate the highest common divisor of k and m.
3
Let g(z) = -50*z - 25. Let l be g(4). Let c be 12/(-10) + (-7020)/l. Suppose 0*n = 2*n - 100. What is the highest common factor of c and n?
10
Let s = -32 - -124. Let k = -44 + s. Suppose 20*n = 28*n - k. What is the greatest common factor of n and 36?
6
Let y be 7272/63 - (708/84 - 7). Calculate the greatest common factor of y and 405.
3
Let r(i) = 3*i + 77. Let a be r(-26). Let n(t) = -5*t + 7. Let c be n(a). What is the greatest common divisor of 66 and c?
6
Let q be (-12)/10*21200/(-106). Calculate the greatest common divisor of 1980 and q.
60
Let q(r) = r**3 - 9*r**2 + r + 8. Let x be q(9). Suppose -l + 33 = -x. Let s = l - 33. What is the greatest common factor of s and 68?
17
Suppose -127084 + 6700 = -198*y. Calculate the greatest common divisor of 1292 and y.
76
Let o be (-32)/12 + (-4)/(-6). Let y = 51 - 51. Let r be y + 9 + -1 + o/(-1). Calculate the greatest common divisor of r and 5.
5
Let f = 248 + -885. Let x = f - -653. What is the greatest common divisor of 8 and x?
8
Suppose i - 85 = 3*z, 3*i + 25*z = 27*z + 234. Suppose i*u - 58 = 18. What is the highest common divisor of u and 12?
1
Let w be -4 - (-5 + (-24)/6). Let q be 9 - 4 - (1 + 3). Calculate the greatest common divisor of w and q.
1
Let b(s) = -4*s + 34. Let z be b(-9). Let u(t) = -t**2 - 3*t + 89. Let c be u(0). Let k = 103 - c. What is the highest common factor of z and k?
14
Suppose 4*z + z - 50 = 0. Let o(t) = 39*t + 129. Let d(g) = 18*g + 65. Let a(u) = 9*d(u) - 4*o(u). Let b be a(-9). What is the highest common factor of z and b?
5
Suppose q - f - 1499 = 0, -525*f - 1491 = -q - 526*f. What is the highest common factor of q and 1885?
65
Let m be (-35)/(-21)*(-576)/(-40). Let u = 161 - 89. What is the greatest common factor of m and u?
24
Suppose -4*k + 6 = -66. Suppose -23*j + 1075 = -k*j. Let w be (-3038)/(-35) - (-8)/(-10). What is the greatest common divisor of j and w?
43
Suppose -4*u = -2*z + 5200, -15*z + 3*u - 7800 = -18*z. Calculate the highest common factor of z and 26.
26
Let d be (6/3)/(2/368). Suppose -5*c - 5 = -20. Suppose -c*f + 13*f = 460. What is the greatest common divisor of f and d?
46
Let h be 8/5*((-45)/(-20) + 14). What is the highest common factor of h and 1963?
13
Let a(r) = r**3 - 8*r**2 + 2*r - 12. Suppose -19 = -3*m + 5. Let n be a(m). Suppose 11*x - 30 = -4*x. Calculate the highest common divisor of n and x.
2
Let k = 3409 + -2473. Calculate the highest common factor of k and 18.
18
Suppose -6 = -4*h + h, -a - 4*h + 72 = 0. Suppose -3*c - a = -13. Let d be (-782)/(-14) - c/119. Calculate the greatest common divisor of d and 7.
7
Suppose -3*c = -24*c + 32592. Calculate the greatest common factor of 16 and c.
16
Let x be (-1 - 76 - -1)/(-1). Suppose 1108 - 652 = 24*b. Calculate the highest common divisor of x and b.
19
Let j(x) be the third derivative of -x**6/120 + 7*x**5/60 + 3*x**4/8 - 10*x**3/3 + 29*x**2. Let h be j(6). What is the greatest common factor of h and 35?
35
Let v be (-1)/(1/(-5))*1. Suppose -4*s = -2*f - 0*s + 20, 0 = f + 5*s + 4. Let k be 9/(-6)*50/f*-2. What is the greatest common divisor of k and v?
5
Let y(s) = -4*s**2 + 2*s - 28. Let c be y(8). Let z = -212 - c. Calculate the highest common factor of z and 21.
7
Let c be (488/(-2))/(14/(-21)) + -2. Let o = c - 303. What is the highest common factor of o and 305?
61
Suppose 3*p = 9, -2*i - 177*p + 127 = -180*p. Calculate the greatest common factor of 3740 and i.
68
Let q(m) = -8*m**2 + 162*m + 29. Let v be q(20). Let j = 34 - -81. Calculate the greatest common divisor of j and v.
23
Suppose -2*t - 10 = -110. Suppose -t = -3*d - 3*r + 40, -21 = -d + 2*r. Let k = 8 + -5. What is the highest common divisor of d and k?
3
Let m(x) = -2*x + 72. Let l be m(0). Suppose 394*f = 403*f - 72. What is the greatest common factor of l and f?
8
Let y be 7 - 16/12*6 - -287. What is the highest common factor of y and 104?
26
Let b be 38/(-6)*(-36)/3. Let n = 54 + b. Suppose -n = h - 6*h. What is the highest common factor of h and 13?
13
Let t(d) = -20*d**2 - 3*d - 4. Let j be t(3). Let a = 201 + j. What is the greatest common factor of a and 48?
8
Let c(a) = -103*a - 41. Let s = -27 + 23. Let m be c(s). What is the highest common factor of m and 7?
7
Let t(f) = f**3 - 13*f**2 - 15*f + 10. Let w be t(14). Let d be 15/(-10)*(-2 + w/6). What is the greatest common factor of 50 and d?
2
Suppose -w - 5*y = -30348, -61*w - 2*y = -59*w - 60704. What is the greatest common divisor of 127 and w?
127
Let b(y) = y**3 + 7*y**2 - 8*y - 18. Let i be b(-8). Let t be (-7916)/i - (-26)/117*1. Calculate the greatest common divisor of t and 55.
55
Let b(i) = i**2 - 3*i - 1. Let r be b(-1). Let s be r/12 + (-1905)/(-60). Calculate the highest common factor of s and 6.
2
Let a be (-2)/7 - 174363/(-931). What is the greatest common factor of a and 58531?
187
Let h(w) = -w**2 + 35*w + 4. Suppose 0 = -6*g + 39 + 159. Let l be h(g). Let i(a) = 10*a - 5. Let q be i(4). What is the highest common factor of q and l?
35
Let n(m) = 7*m + 24. Let p be n(24). Suppose 3*f - p = -2*i - i, 0 = f + 4*i - 76. Let x = f + -40. What is the highest common divisor of 4 and x?
4
Let b = 3764 - 3739. Let u be 2 + 39/9 - 36/27. What is the greatest common divisor of b and u?
5
Let l = -172 - -176. Let c be ((-114)/(-8) - 1)/(2/(-8)). Let w = c - -81. Calculate the highest common factor of w and l.
4
Suppose x - 3*y - 40 = 0, 0 = -52*x + 54*x - 5*y - 76. What is the greatest common divisor of 6804 and x?
28
Let f = 1777 + -1621. Calculate the greatest common factor of 208 and f.
52
Let z be (12/15)/((-5)/(-150)). Let i be (33 - z)*(2 - -27). Let s(d) = -d**2 + 29. Let r be s(0). What is the greatest common divisor of r and i?
29
Let c = -725 + 721. Let n be (-16)/(-12) + ((-68)/3)/c. Calculate the greatest common divisor of n and 3.
1
Let y(m) = 377*m - 1502. Let u be y(4). What is the greatest common factor of 906 and u?
6
Suppose 146*d - 149*d + 24 = 0. Suppose o + 5*k - 28 = d*k, 2*o - 4*k - 64 = 0. What is the greatest common factor of 24 and o?
8
Suppose 2*t + s - 1131 = 0, -27*t - 2*s = -30*t + 1686. Calculate the highest common divisor of t and 1020.
12
Let v(r) = -r**3 - r**2 + 29*r + 457. Let j be v(0). Suppose -143 = -6*k + j. Suppose -73 - 87 = -4*l. Calculate the greatest common factor of k and l.
20
Let j be (2/(-5))/(5 - 153/30). Let q be ((-415)/(-20) + j)/(2/64). What is the highest common factor of q and 33?
33
Suppose 0 = -a + 6, a + 55 - 77 = -n. Calculate the greatest common factor of 8392 and n.
8
Let a = 108 - 75. Let y(r) = 446*r + 3125. Let s be y(-7). Calculate the greatest common factor of s and a.
3
Let a be (230 + 1)/(9/12). Let v = 676 + -673. Suppose 5*x - 117 = -4*i, 2*i = -v*x + 7*x + 52. What is the highest common factor of i and a?
28
Suppose 5*x - 2*v - 2228 = 0, 0 = 5*x - 5*v - 106 - 2134. What is the highest common divisor of 12 and x?
12
Let u be 1*563 + 157/(2826/216). What is the highest common factor of 2450 and u?
25
Suppose -84594 = 151*l - 151055 - 225271. What is the greatest common divisor of 294 and l?
42
Let y be 14*(-3 - 1989/(-